{"id":329,"date":"2022-09-29T11:12:41","date_gmt":"2022-09-29T09:12:41","guid":{"rendered":"http:\/\/dumeefr.cluster030.hosting.ovh.net\/?page_id=329"},"modified":"2022-09-29T11:12:41","modified_gmt":"2022-09-29T09:12:41","slug":"la-pastorale-au-sein-du-lycee-saint-martin","status":"publish","type":"page","link":"https:\/\/lycee-saintmartin59.fr\/?page_id=329","title":{"rendered":"La Pastorale au sein du Lyc\u00e9e Saint-Martin"},"content":{"rendered":"<p><strong>Saint Martin, un lyc\u00e9e priv\u00e9 catholique<\/strong>\u00a0:<\/p>\n<p>A Saint Martin, les jeunes re\u00e7oivent un enseignement de qualit\u00e9 leur permettant de se pr\u00e9parer \u00e0 une vie professionnelle \u00e9panouie.<\/p>\n<p>Mais au lyc\u00e9e Saint Martin, notre mission premi\u00e8re et particuli\u00e8re est d\u2019offrir \u00e0 chaque \u00e9l\u00e8ve la possibilit\u00e9 de vivre sa foi et de grandir dans la connaissance de Dieu. Concr\u00e8tement, au sein de l\u2019\u00e9tablissement ce sont les valeurs de l\u2019Evangile qui nous animent (\u00ab\u00a0j\u2019avais faim et vous m\u2019avez donn\u00e9 \u00e0 manger, j\u2019avais soif\u2026\u00a0\u00bb, \u00ab\u00a0tout ce que vous ferez \u00e0 l\u2019un de ces petits c\u2019est \u00e0 moi que vous le ferez\u00a0\u00bb) et qui font vivre l\u2019\u00e9tablissement par le biais de la pastorale. Ainsi une fois par mois la messe est c\u00e9l\u00e9br\u00e9e au sein de l\u2019\u00e9tablissement par le P\u00e8re Jean-Claude Loock, notre pr\u00eatre accompagnateur, les grandes f\u00eates chr\u00e9tiennes sont \u00e9galement v\u00e9cues au lyc\u00e9e avec des temps de r\u00e9flexions et de c\u00e9l\u00e9brations sp\u00e9ciaux\u2026<\/p>\n<p>A Saint Martin par notre sp\u00e9cialisation dans le domaine du soin et du service \u00e0 la personne nous vivons pleinement l\u2019attention aux plus faibles et aux plus pauvres. Nous avons \u00e0 c\u0153ur d\u2019apprendre \u00e0\u00a0 nos \u00e9l\u00e8ves \u00e0 vivre la Charit\u00e9 dans leur formation pour \u00eatre de bons soignants attentifs aux plus faibles mais aussi dans les actions pastorales que nous menons ou bien encore dans la gestion de la vie scolaire avec le soin et l\u2019attention port\u00e9 \u00e0 chaque \u00e9l\u00e8ve pour le faire progresser dans la bienveillance mais \u00e9galement avec exigence.<\/p>\n<p><img loading=\"lazy\" decoding=\"async\" class=\"alignnone wp-image-330\" src=\"http:\/\/dumeefr.cluster030.hosting.ovh.net\/wp-content\/uploads\/2022\/09\/logoenseignementcathlique-300x181.gif\" alt=\"\" width=\"224\" height=\"135\" srcset=\"https:\/\/lycee-saintmartin59.fr\/wp-content\/uploads\/2022\/09\/logoenseignementcathlique-300x181.gif 300w, https:\/\/lycee-saintmartin59.fr\/wp-content\/uploads\/2022\/09\/logoenseignementcathlique-768x463.gif 768w\" sizes=\"auto, (max-width: 224px) 100vw, 224px\" \/><\/p>\n","protected":false},"excerpt":{"rendered":"<p>Saint Martin, un lyc\u00e9e priv\u00e9 catholique\u00a0: A Saint Martin, les jeunes re\u00e7oivent un enseignement de qualit\u00e9 leur permettant de se pr\u00e9parer \u00e0 une vie professionnelle \u00e9panouie. Mais au lyc\u00e9e Saint Martin, notre mission premi\u00e8re et particuli\u00e8re est d\u2019offrir \u00e0 chaque \u00e9l\u00e8ve la possibilit\u00e9 de vivre sa foi et de grandir dans la connaissance de Dieu. [&hellip;]<\/p>\n","protected":false},"author":1,"featured_media":0,"parent":0,"menu_order":0,"comment_status":"closed","ping_status":"closed","template":"","meta":{"footnotes":""},"class_list":["post-329","page","type-page","status-publish","hentry"],"_links":{"self":[{"href":"https:\/\/lycee-saintmartin59.fr\/index.php?rest_route=\/wp\/v2\/pages\/329","targetHints":{"allow":["GET"]}}],"collection":[{"href":"https:\/\/lycee-saintmartin59.fr\/index.php?rest_route=\/wp\/v2\/pages"}],"about":[{"href":"https:\/\/lycee-saintmartin59.fr\/index.php?rest_route=\/wp\/v2\/types\/page"}],"author":[{"embeddable":true,"href":"https:\/\/lycee-saintmartin59.fr\/index.php?rest_route=\/wp\/v2\/users\/1"}],"replies":[{"embeddable":true,"href":"https:\/\/lycee-saintmartin59.fr\/index.php?rest_route=%2Fwp%2Fv2%2Fcomments&post=329"}],"version-history":[{"count":1,"href":"https:\/\/lycee-saintmartin59.fr\/index.php?rest_route=\/wp\/v2\/pages\/329\/revisions"}],"predecessor-version":[{"id":331,"href":"https:\/\/lycee-saintmartin59.fr\/index.php?rest_route=\/wp\/v2\/pages\/329\/revisions\/331"}],"wp:attachment":[{"href":"https:\/\/lycee-saintmartin59.fr\/index.php?rest_route=%2Fwp%2Fv2%2Fmedia&parent=329"}],"curies":[{"name":"wp","href":"https:\/\/api.w.org\/{rel}","templated":true}]}}

La Pastorale au sein du Lycée Saint-Martin

<p><strong>Saint Martin, un lycée privé catholique</strong> :</p>
<p>A Saint Martin, les jeunes reçoivent un enseignement de qualité leur permettant de se préparer à une vie professionnelle épanouie.</p>
<p>Mais au lycée Saint Martin, notre mission première et particulière est d’offrir à chaque élève la possibilité de vivre sa foi et de grandir dans la connaissance de Dieu. Concrètement, au sein de l’établissement ce sont les valeurs de l’Evangile qui nous animent (« j’avais faim et vous m’avez donné à manger, j’avais soif… », « tout ce que vous ferez à l’un de ces petits c’est à moi que vous le ferez ») et qui font vivre l’établissement par le biais de la pastorale. Ainsi une fois par mois la messe est célébrée au sein de l’établissement par le Père Jean-Claude Loock, notre prêtre accompagnateur, les grandes fêtes chrétiennes sont également vécues au lycée avec des temps de réflexions et de célébrations spéciaux…</p>
<p>A Saint Martin par notre spécialisation dans le domaine du soin et du service à la personne nous vivons pleinement l’attention aux plus faibles et aux plus pauvres. Nous avons à cœur d’apprendre à  nos élèves à vivre la Charité dans leur formation pour être de bons soignants attentifs aux plus faibles mais aussi dans les actions pastorales que nous menons ou bien encore dans la gestion de la vie scolaire avec le soin et l’attention porté à chaque élève pour le faire progresser dans la bienveillance mais également avec exigence.</p>
<p><img loading="lazy" decoding="async" class="alignnone wp-image-330" src="http://dumeefr.cluster030.hosting.ovh.net/wp-content/uploads/2022/09/logoenseignementcathlique-300x181.gif" alt="" width="224" height="135" srcset="https://lycee-saintmartin59.fr/wp-content/uploads/2022/09/logoenseignementcathlique-300x181.gif 300w, https://lycee-saintmartin59.fr/wp-content/uploads/2022/09/logoenseignementcathlique-768x463.gif 768w" sizes="auto, (max-width: 224px) 100vw, 224px" /></p>

<p>Saint Martin, un lycée privé catholique : A Saint Martin, les jeunes reçoivent un enseignement de qualité leur permettant de se préparer à une vie professionnelle épanouie. Mais au lycée Saint Martin, notre mission première et particulière est d’offrir à chaque élève la possibilité de vivre sa foi et de grandir dans la connaissance de Dieu. [&hellip;]</p>
