{"id":204,"date":"2022-06-29T10:12:05","date_gmt":"2022-06-29T08:12:05","guid":{"rendered":"http:\/\/dumeefr.cluster030.hosting.ovh.net\/?page_id=204"},"modified":"2023-01-30T15:31:51","modified_gmt":"2023-01-30T14:31:51","slug":"bac-professionnel-tao-technicien-en-appareillage-orthopedique","status":"publish","type":"page","link":"https:\/\/lycee-saintmartin59.fr\/?page_id=204","title":{"rendered":"Bac Professionnel TAO (Technicien en Appareillage Orthop\u00e9dique)"},"content":{"rendered":"<p><img loading=\"lazy\" decoding=\"async\" src=\"http:\/\/dumeefr.cluster030.hosting.ovh.net\/wp-content\/uploads\/2022\/06\/orthese-bras.png\" alt=\"\" width=\"156\" height=\"156\" \/> <img loading=\"lazy\" decoding=\"async\" src=\"http:\/\/dumeefr.cluster030.hosting.ovh.net\/wp-content\/uploads\/2022\/06\/unnamed-1-300x225.jpg\" alt=\"\" width=\"188\" height=\"141\" \/> <img loading=\"lazy\" decoding=\"async\" src=\"http:\/\/dumeefr.cluster030.hosting.ovh.net\/wp-content\/uploads\/2022\/06\/Lettre-De-Motivation-Podo-Orthesiste-1-300x200.jpg\" alt=\"\" width=\"212\" height=\"141\" \/> <img loading=\"lazy\" decoding=\"async\" src=\"http:\/\/dumeefr.cluster030.hosting.ovh.net\/wp-content\/uploads\/2022\/06\/medical30-300x213.png\" alt=\"\" width=\"210\" height=\"149\" \/> <img loading=\"lazy\" decoding=\"async\" src=\"http:\/\/dumeefr.cluster030.hosting.ovh.net\/wp-content\/uploads\/2022\/06\/medical33-300x213.png\" alt=\"\" width=\"206\" height=\"146\" \/><\/p>\n<p><span style=\"color: #008080;\"><strong>Pr\u00e9paration en 3 ans : 2de &#8211; 1\u00e8re &#8211; Terminale Professionnelle<\/strong><\/span><\/p>\n<div>\n<p>Le bac TAO convient tout particuli\u00e8rement aux \u00e9l\u00e8ves qui souhaitent exercer une activit\u00e9 professionnelle en relation avec le domaine m\u00e9dical. Ils r\u00e9alisent en atelier des appareillages destin\u00e9s \u00e0 soulager une partie du corps, \u00e0 soigner un traumatisme, apporter aux patients autonomie et confort.<\/p>\n<\/div>\n<p><b><u>2 secteurs<\/u> : Podo-Orth\u00e8se et Ortho-proth\u00e8se<\/b><\/p>\n<p><span style=\"color: #008080;\"><b><i>D\u00e9bouch\u00e9s<\/i> :\u00a0<\/b><\/span><\/p>\n<div>\n<p>Le (la) titulaire du baccalaur\u00e9at professionnel est un(e) technicien(ne) qualifi\u00e9(e) en \u00ab appareillage orthop\u00e9dique \u00bb.<\/p>\n<p>Il(elle) exerce son activit\u00e9 dans les secteurs publics et priv\u00e9s suivants\u00a0:<\/p>\n<p>&#8211; Entreprises d\u2019appareillage orthop\u00e9dique externe sur mesure (orthoproth\u00e9siste ou podo-orth\u00e9siste, orthop\u00e9diste-orth\u00e9siste \u2026)<\/p>\n<p>&#8211; Etablissements de soins : centres de r\u00e9\u00e9ducation et de r\u00e9adaptation fonctionnelle, h\u00f4pitaux\u2026<\/p>\n<\/div>\n<p><span style=\"color: #008080;\"><i><b>\u00a0Poursuites d&rsquo;\u00e9tudes<\/b><\/i>\u00a0:<\/span><\/p>\n<div>\n<p>BTS Podo-Orth\u00e9siste<\/p>\n<p>BTS Orthoproth\u00e9siste DE (dipl\u00f4me d\u2019Etat)\u00a0: \u00e9ducateur(trice) sp\u00e9cialis\u00e9(e), psychomotricien(ne), p\u00e9dicure-podologue\u2026<\/p>\n<p><span style=\"color: #008080;\"><i><b>\u00a0Stages<\/b><\/i> :<\/span> 22 semaines obligatoires sur les 3 ans<\/p>\n<\/div>\n","protected":false},"excerpt":{"rendered":"<p>Pr\u00e9paration en 3 ans : 2de &#8211; 1\u00e8re &#8211; Terminale Professionnelle Le bac TAO convient tout particuli\u00e8rement aux \u00e9l\u00e8ves qui souhaitent exercer une activit\u00e9 professionnelle en relation avec le domaine m\u00e9dical. Ils r\u00e9alisent en atelier des appareillages destin\u00e9s \u00e0 soulager une partie du corps, \u00e0 soigner un traumatisme, apporter aux patients autonomie et confort. 2 [&hellip;]<\/p>\n","protected":false},"author":1,"featured_media":0,"parent":0,"menu_order":0,"comment_status":"closed","ping_status":"closed","template":"","meta":{"footnotes":""},"class_list":["post-204","page","type-page","status-publish","hentry"],"_links":{"self":[{"href":"https:\/\/lycee-saintmartin59.fr\/index.php?rest_route=\/wp\/v2\/pages\/204","targetHints":{"allow":["GET"]}}],"collection":[{"href":"https:\/\/lycee-saintmartin59.fr\/index.php?rest_route=\/wp\/v2\/pages"}],"about":[{"href":"https:\/\/lycee-saintmartin59.fr\/index.php?rest_route=\/wp\/v2\/types\/page"}],"author":[{"embeddable":true,"href":"https:\/\/lycee-saintmartin59.fr\/index.php?rest_route=\/wp\/v2\/users\/1"}],"replies":[{"embeddable":true,"href":"https:\/\/lycee-saintmartin59.fr\/index.php?rest_route=%2Fwp%2Fv2%2Fcomments&post=204"}],"version-history":[{"count":14,"href":"https:\/\/lycee-saintmartin59.fr\/index.php?rest_route=\/wp\/v2\/pages\/204\/revisions"}],"predecessor-version":[{"id":501,"href":"https:\/\/lycee-saintmartin59.fr\/index.php?rest_route=\/wp\/v2\/pages\/204\/revisions\/501"}],"wp:attachment":[{"href":"https:\/\/lycee-saintmartin59.fr\/index.php?rest_route=%2Fwp%2Fv2%2Fmedia&parent=204"}],"curies":[{"name":"wp","href":"https:\/\/api.w.org\/{rel}","templated":true}]}}